373. Is w a prime number?
True
Let g = 103097 + -59082. Suppose 5*k - g = -2*h - 3*h, 3*k - 3*h = 26421. Suppose -2*w = 8, -6*w = -5*t - w + k. Is t a prime number?
False
Suppose -253 + 255 = i. Suppose -i*t + f + 15769 = -4399, -t - f + 10087 = 0. Is t a prime number?
False
Suppose k + 1 = 2*n, -2*k + 5*n + 0 = 5. Suppose -5*f = -5*x + 15, -5*x - 1 = k*f - 36. Let l(c) = 4*c**3 - 4*c**2 + 3*c. Is l(x) composite?
True
Let z be (2 + 53)*(-1)/(7/(-49)). Suppose 2*l = -2*l. Suppose -5*q + 2*h - h + z = l, 3*h - 77 = -q. Is q prime?
False
Suppose -34*o - 2*o = -3845412. Is o prime?
False
Suppose 887*p + 6631160 = 907*p. Is p prime?
False
Let u(z) = 19*z**2 - 11*z - 13. Let d be -22 + (-13)/((-26)/8). Is u(d) a composite number?
True
Is 2*-1 + ((-7)/(-2) - (-23082686)/484) a composite number?
True
Let a = 17 + -11. Let o(t) be the first derivative of 11*t**3/3 - 3*t**2 + 31*t - 5. Is o(a) a prime number?
False
Suppose -g = -4*z + 3341344, 12*z - 7*z - 4176695 = 5*g. Is 4/18 + z/81 a composite number?
False
Let d(u) = 21*u**2 - 41*u + 1. Suppose c + 5*b + 37 = 0, -3*c - 28 = -2*b + 15. Is d(c) prime?
False
Let n = 281589 - 200362. Is n composite?
True
Let o = 17305 + -4267. Let p = o + 6335. Is p prime?
True
Suppose 0 = q + 5*p + 16, -2*q + 4*p = -q - 29. Is 1/(1/(1167*3/q)) prime?
True
Suppose 0 = -4*z - d + 8 + 4, d - 16 = -5*z. Is 9/(-12) + 19/z + 891 a composite number?
True
Suppose -4804360 + 23726786 = 119*u + 12*u. Is u a prime number?
False
Let g(z) = 58*z**2 - 15*z + 24. Is g(-19) composite?
False
Let u = 6 - 27. Let v = 24 + u. Suppose -v*d + 125 = -256. Is d composite?
False
Let c = 340 - 340. Suppose 0 = -5*b - c*b - 2*p + 18297, 2*p = 4*b - 14634. Is b a prime number?
True
Let n = -180128 + 312535. Is n composite?
True
Let q be 2/(-11) - (-376)/11. Suppose 24*w = q*w - 127910. Is w prime?
True
Suppose 101602 = 8*l - 71302. Suppose 0 = -5*b - l + 71508. Is b a prime number?
False
Suppose 159*b - 4742311 = 13551752. Is b a composite number?
False
Suppose 5*c - 4*d = 57, -2*d + 19 = 15. Let j(u) = 290*u - 131. Is j(c) prime?
False
Suppose 5*p + 138534 = -o + 686089, -4*p + 438044 = 6*o. Is p a prime number?
False
Let s = -2216 - -2230. Suppose -4*i - 7*f + 3*f - 4228 = 0, 0 = -i - 3*f - 1067. Is (-5 + 63/s)/(2/i) a composite number?
False
Suppose 112 = 5*m + 3*w - 217, 5*m - 326 = -2*w. Let s = m + -14. Suppose -z - 31 + s = 0. Is z prime?
True
Suppose -2*k + 5*k - 136 = -5*d, -2*d - 237 = -5*k. Is (k - 44)*(-257)/3*-1 a composite number?
False
Suppose 10*s + 9*s - 20174967 = -8*s. Is s prime?
False
Let p(y) = 12*y**2 - 51*y + 237. Is p(26) prime?
False
Suppose 5*n = 2*y - 233647 - 886345, 3*y = n + 1679975. Is y a composite number?
False
Let n(q) = -1 + 8 - 2*q + 14*q**2 + 0*q. Let w = -4914 + 4910. Is n(w) a prime number?
True
Let j = -19 - -9. Let u = -7 - j. Suppose -u*y = -185 - 22. Is y prime?
False
Let n(f) be the third derivative of f**6/120 + 2*f**5/15 - 19*f**4/24 + 17*f**3/6 - 2*f**2. Let i = 822 + -814. Is n(i) composite?
True
Let r be (691 - (0 - 4)) + (-3)/1. Suppose -3*x - 1907 = -r. Is 1/4 + x/(-12) a composite number?
True
Suppose -12*g = -0*g + 660. Let w = 44 + g. Let k(x) = -2*x**3 - 4*x**2 - 20*x + 21. Is k(w) composite?
True
Let t(z) = z**2 - 20*z + 4. Let p be t(20). Suppose -r + 0*j + 3*j = -1750, -p*j = -r + 1749. Is r a prime number?
True
Suppose 2772 = 14*t - 0*t. Is 47/(36/t - (-94)/(-638)) prime?
False
Let t(k) = 2611*k**2 + 41*k - 191. Is t(10) composite?
True
Let g(o) = 2740*o - 15899. Is g(30) a prime number?
True
Let a(p) = 8*p**3 + p**3 - 5 + 3*p + p**2 - 10*p**3. Let y be a(2). Is (-1 + 2)*(y + 1082 + 3) a prime number?
False
Suppose 461*g - 471*g + 250610 = 0. Is g a composite number?
True
Is (9705928/(-24))/((-8)/48*2) a composite number?
False
Let y(l) = -79603*l + 9. Let w be y(-1). Suppose 4360 = 4*g - w. Is g a prime number?
False
Suppose 158617 = 5*g - 3*j, 4*g - 3*j - 23248 = 103648. Is g a composite number?
False
Let d(f) = f**2 - 3*f - 5. Let w be d(7). Let l be 5*8/100 + w/5. Is 15952/20 + (-3)/l a prime number?
True
Suppose 502728 + 164900 = 52*i. Suppose -o + 21064 = p, 0 = o - p - 8215 - i. Is o composite?
False
Suppose -42*u + 12*u + 203 = 83. Let y(a) be the second derivative of 95*a**3/3 + 9*a**2/2 + a. Is y(u) a prime number?
True
Let w(f) be the second derivative of 121*f**4/12 - f**3/6 + 17*f**2/2 + f - 15. Let r = 12 + -17. Is w(r) composite?
True
Suppose d = 4*c + 500351, -2*d + 8*c + 1000678 = 12*c. Is d a prime number?
False
Let s = -15771 + 45718. Is s prime?
True
Suppose 76*l - 2174875 = -49*l. Is l prime?
False
Suppose -15 = -5*r, -19055 = -l - 2*r - 3216. Is l composite?
True
Suppose 2*c - 2*y = -4, -4*c + 19*y - 14*y - 12 = 0. Suppose -j = c*h - 4270 + 1353, -3*j + h = -8765. Is j a composite number?
True
Suppose -26*c + 5 = -21*c. Let o be ((-404)/12)/(c/27). Let h = 1708 + o. Is h prime?
False
Let f(o) = -3421*o + 6304. Is f(-45) a composite number?
True
Suppose 2*w = -2*i + 50154, 3*i - 100305 = -4*w - 0*i. Suppose 3*o = 3*c + w, 5*c - 7609 - 9142 = -2*o. Is o composite?
False
Let k be 1/5 - (-3)/((-45)/(-102)). Let o(w) = 191*w**2 - 9*w + 9. Is o(k) a prime number?
False
Suppose -3*a + 4*u = -2 + 3, 3*u = 3*a + 6. Let f(y) = y**2 + 6*y + 8. Let m be f(a). Suppose 117 - m = 3*n. Is n a prime number?
False
Is -1 + 4*85942 + 11*44/242 a composite number?
False
Suppose -103383 = 21*l - 2888130. Is l composite?
False
Let o be -767*(5/5 - 2). Suppose 3*c - o = -d + 465, 2*d + 3*c - 2455 = 0. Is d composite?
False
Suppose 60*l - 7*l - 3777517 = 3735816. Is l a composite number?
False
Suppose -26*q + 277419 = 40741. Is q prime?
True
Suppose 0 = -3*r - 5*w + 1981199, 5*r = w + 1410569 + 1891448. Is r composite?
False
Suppose -2*y = 4*f - 155270, 5*y - 10*f - 388220 = -5*f. Is y a prime number?
True
Is 30965/2*352/880 a prime number?
False
Let x be 18/12*6/9*5. Let t(v) = 6*v**2 - 2*v + 1. Let m be t(1). Is (2 - (-1887)/m) + (-2)/x a prime number?
True
Let n be 72/3*(-3)/(-54)*6. Suppose -n*s + 345 = 15*s. Is s a composite number?
True
Let w be -4*8/(-6) + (-2)/6. Let y be 1527 - ((-6)/3 + w). Suppose -22*t = -10*t - y. Is t a composite number?
False
Suppose 0 = u - 5*q - 1132, 3*u + u = 5*q + 4498. Let g = u - -3581. Is g prime?
True
Suppose -3*n = -44*n + 1208393. Is n a composite number?
False
Is -6*((-572)/99 - -6) + (-800575)/(-3) composite?
True
Suppose -4*f + 379 - 10171 = 0. Let a = -1549 - f. Is a a composite number?
True
Suppose 16*y = 12*y + 3*a + 53, -4*y - 5*a + 93 = 0. Is (y - 9) + 1700 - -1*1 composite?
False
Suppose -2*o = -n + 640, -3*n + 2*n = -4*o - 634. Suppose -150 = 8*j - n. Suppose 4*w - 248 = 4*v, 5*w - 407 + j = -2*v. Is w a prime number?
True
Let c be ((-18)/(-4))/(69/46). Is 230/(-1 + 6) - (c - 3) prime?
False
Let s be 392/(-1764) - (0 + (-11468)/9). Suppose -s*c + 1271*c + 4677 = 0. Is c a prime number?
True
Let x be (-3)/5*(-7 - 4188). Let b = 18522 + x. Is b prime?
False
Let s = 57 + 113. Let y = 1285 - s. Is y a prime number?
False
Let p(q) = -2310*q + 1. Let d be p(-2). Suppose -10*w + 1359 = -d. Suppose -3*i = -w - 173. Is i a composite number?
False
Suppose 9*j + 4248 = m + 6*j, 0 = -4*m + 4*j + 16992. Let d = m - 1085. Is d a prime number?
True
Let k(z) = -221*z + 3. Let a be (-20 - -1)/((-7)/14). Suppose -18 + a = -5*s. Is k(s) composite?
False
Let p be (-4936)/(-3) + (-15)/(360/(-16)). Suppose 4*q = -q - 3*v + 2745, 0 = -3*q - 2*v + p. Suppose 4*a = -28 + q. Is a composite?
False
Let s(d) = 37382*d - 385. Is s(3) prime?
False
Let a be 7144/5 + 52/10 + -5. Suppose 0 = -5*h + a + 786. Is h a composite number?
False
Is 2 + 1 - (30 + (-2839044)/6) a composite number?
False
Let s(l) = -37*l + 10. Let d be s(-6). Let a = d - -61. Suppose 7*c - a = 6*c. Is c prime?
True
Let s(r) = -3*r**3 - 12*r**2 + 24*r - 5. Let u be s(-10). Let p = u + -1093. Suppose 2*b - 5*l - p = 0, l + 675 = 3*b - 2*l. Is b a composite number?
True
Let k be -2*3/18 + 2/6. Suppose k = m + 2*f - f - 445, 0 = -4*m - f + 1774. Let i = 1530 - m. Is i a prime number?
True
Suppose i + 5*h - 387877 = 0, 4*i - 6*h = -9*h + 1551508. Is i a composite number?
True
Suppose -1961 = 9*t - 14*t + 4*w, -3*t + 1163 = w. Is t composite?
False
Let i = 2790195 - 1248496. Is i composite?
False
Su